of 159 and 178663?
53
What is the highest common divisor of 347910 and 30?
30
What is the highest common divisor of 25645 and 1495?
115
Calculate the greatest common factor of 219369 and 45.
3
Calculate the highest common factor of 28666 and 176.
22
What is the highest common divisor of 3164252 and 364?
364
What is the greatest common factor of 4 and 277556?
4
Calculate the greatest common factor of 2295 and 585.
45
Calculate the greatest common factor of 53839 and 68.
17
What is the highest common divisor of 484 and 49852?
484
What is the highest common divisor of 7931 and 525712?
1133
What is the highest common divisor of 437 and 53659?
23
What is the highest common divisor of 314 and 465505?
157
What is the highest common divisor of 88 and 532939?
11
What is the highest common factor of 7493 and 177?
59
What is the greatest common factor of 90 and 11280?
30
What is the highest common divisor of 219 and 173156?
73
Calculate the highest common factor of 11075011 and 1714.
857
What is the greatest common factor of 1512 and 19236?
84
What is the highest common divisor of 31535 and 2380?
595
What is the highest common divisor of 1744 and 39349?
109
What is the highest common factor of 913 and 291662?
83
What is the highest common factor of 143 and 26994?
11
Calculate the greatest common divisor of 875 and 11333.
7
What is the highest common divisor of 956 and 1673?
239
What is the highest common divisor of 812 and 1792?
28
Calculate the greatest common divisor of 45 and 324153.
9
What is the greatest common divisor of 366 and 81069?
183
What is the greatest common divisor of 1518764 and 286?
26
Calculate the greatest common factor of 61967 and 1.
1
What is the highest common divisor of 18 and 27506?
2
What is the greatest common factor of 28 and 617834?
14
Calculate the greatest common factor of 635953 and 255.
17
What is the highest common factor of 264713 and 2619?
97
Calculate the greatest common divisor of 7811 and 214.
107
Calculate the highest common factor of 4559506 and 133.
133
What is the greatest common divisor of 101 and 88?
1
What is the greatest common factor of 445466 and 5922?
658
Calculate the highest common factor of 74 and 98531.
37
What is the highest common factor of 96206 and 1441?
11
What is the greatest common divisor of 900 and 64200?
300
Calculate the highest common factor of 388549 and 10199.
329
Calculate the greatest common factor of 52 and 780338.
26
Calculate the greatest common factor of 24 and 65784.
24
Calculate the greatest common factor of 252 and 17416.
28
What is the greatest common divisor of 43 and 216978?
43
Calculate the highest common factor of 2485 and 1505.
35
What is the highest common divisor of 138351 and 2247?
321
Calculate the highest common divisor of 38748 and 24.
12
What is the highest common factor of 1665190 and 7120?
890
Calculate the greatest common factor of 35440 and 240.
80
Calculate the highest common factor of 10144 and 1728.
32
What is the highest common factor of 4401 and 21353?
163
What is the greatest common divisor of 224 and 129136?
112
What is the greatest common divisor of 1812 and 804?
12
What is the greatest common factor of 2435004 and 1204?
172
What is the greatest common divisor of 3366 and 2057?
187
What is the greatest common divisor of 460 and 2140?
20
Calculate the greatest common factor of 170424 and 162.
162
Calculate the highest common factor of 2430 and 1140.
30
Calculate the highest common factor of 1719 and 4626.
9
What is the highest common factor of 10960 and 15755?
685
What is the greatest common factor of 88 and 19384?
8
What is the highest common divisor of 1062 and 258597?
531
What is the highest common divisor of 2739 and 231?
33
Calculate the greatest common divisor of 544 and 22202.
34
Calculate the greatest common factor of 278432 and 462.
154
What is the highest common divisor of 9919 and 168?
7
Calculate the greatest common divisor of 166293 and 171.
9
Calculate the greatest common factor of 32 and 27086.
2
Calculate the greatest common factor of 474 and 62331.
237
Calculate the highest common factor of 2783 and 55407.
253
Calculate the highest common factor of 2256 and 1440.
48
Calculate the greatest common factor of 21 and 3569811.
21
Calculate the greatest common divisor of 2664 and 14292.
36
Calculate the greatest common factor of 496660 and 3040.
380
Calculate the greatest common factor of 98 and 2646.
98
Calculate the highest common divisor of 792 and 1343232.
792
What is the greatest common divisor of 15488 and 528?
176
What is the highest common factor of 164715 and 10?
5
Calculate the greatest common divisor of 56 and 1612408.
56
Calculate the greatest common divisor of 54910 and 20.
10
Calculate the highest common divisor of 72 and 4548.
12
What is the greatest common divisor of 460 and 72772?
92
Calculate the highest common factor of 8822 and 8448.
22
What is the highest common factor of 205 and 1595?
5
What is the greatest common divisor of 5464 and 72?
8
What is the greatest common divisor of 1927394 and 434?
434
Calculate the highest common factor of 532985 and 111.
37
Calculate the highest common divisor of 292845 and 105.
105
Calculate the greatest common divisor of 54320 and 460.
20
What is the greatest common divisor of 170392 and 1416?
472
What is the highest common divisor of 504 and 229572?
252
What is the greatest common divisor of 2330 and 1790?
10
Calculate the greatest common divisor of 762 and 1974088.
254
Calculate the greatest common factor of 635394 and 2.
2
Calculate the highest common factor of 1899703 and 1885.
377
What is the greatest common divisor of 1903 and 11937?
173
Calculate the greatest common divisor of 15 and 27753.
3
Calculate the greatest common divisor of 230678 and 56.
14
What is the highest common factor of 15 and 626739?
3
Calculate the greatest common factor of 156 and 11844.
12
Calculate the greatest common factor of 9322 and 2242.
118
What is the highest common factor of 27 and 134163?
27
What is the highest common divisor of 10025 and 2400?
25
Calculate the greatest common divisor of 65 and 8737755.
65
What is the greatest common factor of 20530 and 120?
10
Calculate the highest common divisor of 5866 and 224.
14
Calculate the highest common factor of 251955 and 825.
165
What is the greatest common factor of 21 and 315093?
3
What is the greatest common divisor of 41 and 487121?
41
Calculate the greatest common factor of 20844 and 432.
108
Calculate the highest common factor of 514 and 341553.
257
Calculate the greatest common factor of 229257 and 567.
189
Calculate the greatest common factor of 187564 and 52.
52
What is the highest common divisor of 18 and 12360276?
18
What is the greatest common factor of 65288 and 296?
8
Calculate the highest common factor of 31 and 4553125.
31
What is the greatest common factor of 133 and 9747?
19
Calculate the greatest common factor of 546680 and 158.
158
What is the greatest common divisor of 313 and 160256?
313
What is the greatest common factor of 154428 and 1428?
204
Calculate the highest common divisor of 19812 and 3445.
13
Calculate the highest common divisor of 9925 and 3425.
25
What is the greatest common divisor of 10990 and 4235?
35
What is the greatest common divisor of 7242 and 105648?
426
Calculate the greatest common factor of 190 and 248786.
38
Calculate the greatest common factor of 3473868 and 72.
12
Calculate the highest common divisor of 65671 and 17.
17
What is the highest common divisor of 336958 and 4581?
509
Calculate the highest common factor of 138214 and 174.
58
What is the highest common divisor of 14877 and 145?
29
What is the highest common factor of 609 and 602736?
87
Calculate the highest common factor of 21 and 593775.
21
Calculate the highest common factor of 11270 and 3136.
98
Calculate the highest common factor of 28 and 2209.
1
What is the greatest common factor of 33 and 4916?
1
Calculate the highest common factor of 788552 and 4908.
1636
Calculate the greatest common factor of 192 and 2837568.
192
What is the highest common divisor of 149688 and 11704?
616
Calculate the greatest common divisor of 2336278 and 152.
38
Calculate the greatest common factor of 33365 and 5.
5
What is the highest common factor of 119 and 1177